{"id":1592,"date":"2018-05-24T10:34:01","date_gmt":"2018-05-24T10:34:01","guid":{"rendered":"https:\/\/mipergola.com\/?post_type=product&#038;p=1592"},"modified":"2018-09-11T19:15:54","modified_gmt":"2018-09-11T17:15:54","slug":"cerramientos-de-madera","status":"publish","type":"product","link":"https:\/\/mipergola.com\/?product=cerramientos-de-madera","title":{"rendered":"Cerramientos de madera"},"content":{"rendered":"<p>Saque provecho a esa terraza que no usa convirti\u00e9ndola en un acogedor espacio, donde podr\u00e1 disfrutar de la calidez y confort de la madera.<\/p>\n<p>Utilizando la misma madera que para fabricar una p\u00e9rgola, podemos construir una habitaci\u00f3n con un alto nivel de aislamiento y confort en un tiempo r\u00e9cord, gracias al panel s\u00e1ndwich con su n\u00facleo de poliestireno estruido que colocamos tanto en el techo como en las paredes que lo requieran.<\/p>\n<p>De esta forma podr\u00e1 tener una habitaci\u00f3n para sus hobbys, un dormitorio adicional, un despacho, un solarium&#8230;<\/p>\n","protected":false},"excerpt":{"rendered":"<p>Saque provecho a esa terraza que no usa convirti\u00e9ndola en un acogedor espacio, donde podr\u00e1 disfrutar de la calidez y confort de la madera. Utilizando la misma madera que para fabricar una p\u00e9rgola, podemos construir una habitaci\u00f3n con un alto nivel de aislamiento y confort en un tiempo r\u00e9cord, gracias al panel s\u00e1ndwich con su<\/p>\n","protected":false},"featured_media":1328,"comment_status":"open","ping_status":"closed","template":"","meta":[],"product_brand":[],"product_cat":[520],"product_tag":[],"class_list":{"0":"post-1592","1":"product","2":"type-product","3":"status-publish","4":"has-post-thumbnail","6":"product_cat-cerramientos","8":"first","9":"instock","10":"shipping-taxable","11":"product-type-simple","12":"prodpage-style2"},"aioseo_notices":[],"_links":{"self":[{"href":"https:\/\/mipergola.com\/index.php?rest_route=\/wp\/v2\/product\/1592","targetHints":{"allow":["GET"]}}],"collection":[{"href":"https:\/\/mipergola.com\/index.php?rest_route=\/wp\/v2\/product"}],"about":[{"href":"https:\/\/mipergola.com\/index.php?rest_route=\/wp\/v2\/types\/product"}],"replies":[{"embeddable":true,"href":"https:\/\/mipergola.com\/index.php?rest_route=%2Fwp%2Fv2%2Fcomments&post=1592"}],"wp:featuredmedia":[{"embeddable":true,"href":"https:\/\/mipergola.com\/index.php?rest_route=\/wp\/v2\/media\/1328"}],"wp:attachment":[{"href":"https:\/\/mipergola.com\/index.php?rest_route=%2Fwp%2Fv2%2Fmedia&parent=1592"}],"wp:term":[{"taxonomy":"product_brand","embeddable":true,"href":"https:\/\/mipergola.com\/index.php?rest_route=%2Fwp%2Fv2%2Fproduct_brand&post=1592"},{"taxonomy":"product_cat","embeddable":true,"href":"https:\/\/mipergola.com\/index.php?rest_route=%2Fwp%2Fv2%2Fproduct_cat&post=1592"},{"taxonomy":"product_tag","embeddable":true,"href":"https:\/\/mipergola.com\/index.php?rest_route=%2Fwp%2Fv2%2Fproduct_tag&post=1592"}],"curies":[{"name":"wp","href":"https:\/\/api.w.org\/{rel}","templated":true}]}}