{"id":1585,"date":"2018-05-24T10:26:49","date_gmt":"2018-05-24T10:26:49","guid":{"rendered":"https:\/\/mipergola.com\/?post_type=product&#038;p=1585"},"modified":"2018-09-11T19:10:40","modified_gmt":"2018-09-11T17:10:40","slug":"dos-aguas","status":"publish","type":"product","link":"https:\/\/mipergola.com\/?product=dos-aguas","title":{"rendered":"Dos aguas"},"content":{"rendered":"<p>La p\u00e9rgola a dos aguas habitualmente va acompa\u00f1ada del techo de madera impermeable, lo que nos permite dejar los muebles en el jard\u00edn durante todo el a\u00f1o.<\/p>\n<p>Su\u00a0forma alargada o en\u00a0\u00e1ngulo\u00a0es perfecta para recrear dos ambientes diferentes, como zona comedor y zona estar.<\/p>\n","protected":false},"excerpt":{"rendered":"<p>La p\u00e9rgola a dos aguas habitualmente va acompa\u00f1ada del techo de madera impermeable, lo que nos permite dejar los muebles en el jard\u00edn durante todo el a\u00f1o. Su\u00a0forma alargada o en\u00a0\u00e1ngulo\u00a0es perfecta para recrear dos ambientes diferentes, como zona comedor y zona estar.<\/p>\n","protected":false},"featured_media":2227,"comment_status":"open","ping_status":"closed","template":"","meta":[],"product_brand":[],"product_cat":[518],"product_tag":[],"class_list":{"0":"post-1585","1":"product","2":"type-product","3":"status-publish","4":"has-post-thumbnail","6":"product_cat-pergolas","8":"first","9":"instock","10":"shipping-taxable","11":"product-type-simple","12":"prodpage-style2"},"aioseo_notices":[],"_links":{"self":[{"href":"https:\/\/mipergola.com\/index.php?rest_route=\/wp\/v2\/product\/1585","targetHints":{"allow":["GET"]}}],"collection":[{"href":"https:\/\/mipergola.com\/index.php?rest_route=\/wp\/v2\/product"}],"about":[{"href":"https:\/\/mipergola.com\/index.php?rest_route=\/wp\/v2\/types\/product"}],"replies":[{"embeddable":true,"href":"https:\/\/mipergola.com\/index.php?rest_route=%2Fwp%2Fv2%2Fcomments&post=1585"}],"wp:featuredmedia":[{"embeddable":true,"href":"https:\/\/mipergola.com\/index.php?rest_route=\/wp\/v2\/media\/2227"}],"wp:attachment":[{"href":"https:\/\/mipergola.com\/index.php?rest_route=%2Fwp%2Fv2%2Fmedia&parent=1585"}],"wp:term":[{"taxonomy":"product_brand","embeddable":true,"href":"https:\/\/mipergola.com\/index.php?rest_route=%2Fwp%2Fv2%2Fproduct_brand&post=1585"},{"taxonomy":"product_cat","embeddable":true,"href":"https:\/\/mipergola.com\/index.php?rest_route=%2Fwp%2Fv2%2Fproduct_cat&post=1585"},{"taxonomy":"product_tag","embeddable":true,"href":"https:\/\/mipergola.com\/index.php?rest_route=%2Fwp%2Fv2%2Fproduct_tag&post=1585"}],"curies":[{"name":"wp","href":"https:\/\/api.w.org\/{rel}","templated":true}]}}