{"id":1495,"date":"2018-05-23T11:19:17","date_gmt":"2018-05-23T11:19:17","guid":{"rendered":"https:\/\/mipergola.com\/?post_type=product&#038;p=1495"},"modified":"2018-05-24T10:22:44","modified_gmt":"2018-05-24T10:22:44","slug":"actual","status":"publish","type":"product","link":"https:\/\/mipergola.com\/?product=actual","title":{"rendered":"Actual"},"content":{"rendered":"<p>La p\u00e9rgola Actual tiene un\u00a0dise\u00f1o\u00a0 m\u00e1s adecuado para ser utilizada en espacios de l\u00edneas rectas, preferiblemente combinada con un toldo que nos permita disfrutar del sol o de la sombra seg\u00fan la \u00e9poca del a\u00f1o.<\/p>\n","protected":false},"excerpt":{"rendered":"<p>La p\u00e9rgola Actual tiene un\u00a0dise\u00f1o\u00a0 m\u00e1s adecuado para ser utilizada en espacios de l\u00edneas rectas, preferiblemente combinada con un toldo que nos permita disfrutar del sol o de la sombra seg\u00fan la \u00e9poca del a\u00f1o.<\/p>\n","protected":false},"featured_media":1583,"comment_status":"open","ping_status":"closed","template":"","meta":[],"product_brand":[],"product_cat":[518],"product_tag":[],"class_list":{"0":"post-1495","1":"product","2":"type-product","3":"status-publish","4":"has-post-thumbnail","6":"product_cat-pergolas","8":"first","9":"instock","10":"shipping-taxable","11":"product-type-simple","12":"prodpage-style2"},"aioseo_notices":[],"_links":{"self":[{"href":"https:\/\/mipergola.com\/index.php?rest_route=\/wp\/v2\/product\/1495","targetHints":{"allow":["GET"]}}],"collection":[{"href":"https:\/\/mipergola.com\/index.php?rest_route=\/wp\/v2\/product"}],"about":[{"href":"https:\/\/mipergola.com\/index.php?rest_route=\/wp\/v2\/types\/product"}],"replies":[{"embeddable":true,"href":"https:\/\/mipergola.com\/index.php?rest_route=%2Fwp%2Fv2%2Fcomments&post=1495"}],"wp:featuredmedia":[{"embeddable":true,"href":"https:\/\/mipergola.com\/index.php?rest_route=\/wp\/v2\/media\/1583"}],"wp:attachment":[{"href":"https:\/\/mipergola.com\/index.php?rest_route=%2Fwp%2Fv2%2Fmedia&parent=1495"}],"wp:term":[{"taxonomy":"product_brand","embeddable":true,"href":"https:\/\/mipergola.com\/index.php?rest_route=%2Fwp%2Fv2%2Fproduct_brand&post=1495"},{"taxonomy":"product_cat","embeddable":true,"href":"https:\/\/mipergola.com\/index.php?rest_route=%2Fwp%2Fv2%2Fproduct_cat&post=1495"},{"taxonomy":"product_tag","embeddable":true,"href":"https:\/\/mipergola.com\/index.php?rest_route=%2Fwp%2Fv2%2Fproduct_tag&post=1495"}],"curies":[{"name":"wp","href":"https:\/\/api.w.org\/{rel}","templated":true}]}}